{"id":694,"date":"2023-04-14T14:14:07","date_gmt":"2023-04-14T12:14:07","guid":{"rendered":"https:\/\/www.escrime-ecb.fr\/?page_id=694"},"modified":"2023-04-27T11:38:52","modified_gmt":"2023-04-27T09:38:52","slug":"escrime","status":"publish","type":"page","link":"https:\/\/www.escrime-ecb.fr\/index.php\/escrime\/","title":{"rendered":"L&rsquo;Escrime"},"content":{"rendered":"\t\t<div data-elementor-type=\"wp-page\" data-elementor-id=\"694\" class=\"elementor elementor-694\">\n\t\t\t\t\t\t\t\t\t<section class=\"elementor-section elementor-top-section elementor-element elementor-element-70bc114 elementor-section-boxed elementor-section-height-default elementor-section-height-default\" data-id=\"70bc114\" data-element_type=\"section\">\n\t\t\t\t\t\t<div class=\"elementor-container elementor-column-gap-default\">\n\t\t\t\t\t<div class=\"elementor-column elementor-col-100 elementor-top-column elementor-element elementor-element-34772f9\" data-id=\"34772f9\" data-element_type=\"column\">\n\t\t\t<div class=\"elementor-widget-wrap elementor-element-populated\">\n\t\t\t\t\t\t\t\t<div class=\"elementor-element elementor-element-b51c7c7 elementor-widget elementor-widget-spacer\" data-id=\"b51c7c7\" data-element_type=\"widget\" data-widget_type=\"spacer.default\">\n\t\t\t\t<div class=\"elementor-widget-container\">\n\t\t\t<style>\/*! elementor - v3.14.0 - 26-06-2023 *\/\n.elementor-column .elementor-spacer-inner{height:var(--spacer-size)}.e-con{--container-widget-width:100%}.e-con-inner>.elementor-widget-spacer,.e-con>.elementor-widget-spacer{width:var(--container-widget-width,var(--spacer-size));--align-self:var(--container-widget-align-self,initial);--flex-shrink:0}.e-con-inner>.elementor-widget-spacer>.elementor-widget-container,.e-con-inner>.elementor-widget-spacer>.elementor-widget-container>.elementor-spacer,.e-con>.elementor-widget-spacer>.elementor-widget-container,.e-con>.elementor-widget-spacer>.elementor-widget-container>.elementor-spacer{height:100%}.e-con-inner>.elementor-widget-spacer>.elementor-widget-container>.elementor-spacer>.elementor-spacer-inner,.e-con>.elementor-widget-spacer>.elementor-widget-container>.elementor-spacer>.elementor-spacer-inner{height:var(--container-widget-height,var(--spacer-size))}<\/style>\t\t<div class=\"elementor-spacer\">\n\t\t\t<div class=\"elementor-spacer-inner\"><\/div>\n\t\t<\/div>\n\t\t\t\t<\/div>\n\t\t\t\t<\/div>\n\t\t\t\t<div class=\"elementor-element elementor-element-90e2ca6 elementor-widget elementor-widget-heading\" data-id=\"90e2ca6\" data-element_type=\"widget\" data-widget_type=\"heading.default\">\n\t\t\t\t<div class=\"elementor-widget-container\">\n\t\t\t<style>\/*! elementor - v3.14.0 - 26-06-2023 *\/\n.elementor-heading-title{padding:0;margin:0;line-height:1}.elementor-widget-heading .elementor-heading-title[class*=elementor-size-]>a{color:inherit;font-size:inherit;line-height:inherit}.elementor-widget-heading .elementor-heading-title.elementor-size-small{font-size:15px}.elementor-widget-heading .elementor-heading-title.elementor-size-medium{font-size:19px}.elementor-widget-heading .elementor-heading-title.elementor-size-large{font-size:29px}.elementor-widget-heading .elementor-heading-title.elementor-size-xl{font-size:39px}.elementor-widget-heading .elementor-heading-title.elementor-size-xxl{font-size:59px}<\/style><h2 class=\"elementor-heading-title elementor-size-large\">L'ESCRIME<\/h2>\t\t<\/div>\n\t\t\t\t<\/div>\n\t\t\t\t<div class=\"elementor-element elementor-element-d6d2fe4 elementor-widget elementor-widget-text-editor\" data-id=\"d6d2fe4\" data-element_type=\"widget\" data-widget_type=\"text-editor.default\">\n\t\t\t\t<div class=\"elementor-widget-container\">\n\t\t\t<style>\/*! elementor - v3.14.0 - 26-06-2023 *\/\n.elementor-widget-text-editor.elementor-drop-cap-view-stacked .elementor-drop-cap{background-color:#69727d;color:#fff}.elementor-widget-text-editor.elementor-drop-cap-view-framed .elementor-drop-cap{color:#69727d;border:3px solid;background-color:transparent}.elementor-widget-text-editor:not(.elementor-drop-cap-view-default) .elementor-drop-cap{margin-top:8px}.elementor-widget-text-editor:not(.elementor-drop-cap-view-default) .elementor-drop-cap-letter{width:1em;height:1em}.elementor-widget-text-editor .elementor-drop-cap{float:left;text-align:center;line-height:1;font-size:50px}.elementor-widget-text-editor .elementor-drop-cap-letter{display:inline-block}<\/style>\t\t\t\t<p>L&rsquo;escrime est un sport de combat qui se pratique \u00e0 l&rsquo;aide d&rsquo;une arme blanche, appel\u00e9e fleuret, \u00e9p\u00e9e ou sabre, et qui oppose deux adversaires en duel.<\/p><p>Les combattants portent un masque, une veste et un pantalon de protection pour \u00e9viter les blessures.<\/p><p>Le but du jeu est de toucher son adversaire avec la pointe de l&rsquo;arme selon des r\u00e8gles pr\u00e9cises. L&rsquo;escrime requiert \u00e0 la fois des qualit\u00e9s physiques telles que l&rsquo;agilit\u00e9, la vitesse et la coordination, ainsi que des qualit\u00e9s mentales telles que la strat\u00e9gie, la concentration et la r\u00e9activit\u00e9.<\/p><p>Sport olympique depuis 1896, l&rsquo;escrime est pratiqu\u00e9e dans le monde entier \u00e0 la fois en tant que sport de comp\u00e9tition et en tant qu&rsquo;activit\u00e9 de loisir.<\/p>\t\t\t\t\t\t<\/div>\n\t\t\t\t<\/div>\n\t\t\t\t<div class=\"elementor-element elementor-element-8314657 elementor-widget elementor-widget-heading\" data-id=\"8314657\" data-element_type=\"widget\" data-widget_type=\"heading.default\">\n\t\t\t\t<div class=\"elementor-widget-container\">\n\t\t\t<h2 class=\"elementor-heading-title elementor-size-large\">LE FLEURET<\/h2>\t\t<\/div>\n\t\t\t\t<\/div>\n\t\t\t\t<div class=\"elementor-element elementor-element-df77147 elementor-widget elementor-widget-text-editor\" data-id=\"df77147\" data-element_type=\"widget\" data-widget_type=\"text-editor.default\">\n\t\t\t\t<div class=\"elementor-widget-container\">\n\t\t\t\t\t\t\t<p>Au fleuret, la surface valable est mat\u00e9rialis\u00e9e par le torse, le dos et les \u00e9paules.<\/p><p>La surface valable exclut donc les membres et la t\u00eate. Le fleurettiste doit \u00eatre capable de loger avec pr\u00e9cision sa pointe face \u00e0 un adversaire qui poss\u00e8de de nombreux moyens de d\u00e9fense ; avec son arme, action de parer ou en r\u00e9alisant des esquives pour \u00e9viter la touche. Il peut aussi utiliser les retraites (action de reculer) pour se d\u00e9fendre. Cependant le fleurettiste a l&rsquo;avantage de pouvoir profiter de la r\u00e8gle de convention qui peut lui donner la priorit\u00e9 gr\u00e2ce \u00e0 l&rsquo;action de l&rsquo;attaque. Cette convention favorise le jeu offensif et permet au fleurettiste de pratiquer l&rsquo;\u00e9change avec les armes.<\/p><p>Sa longueur totale maximum est de 110 cm et son poids total est inf\u00e9rieur \u00e0 500 grammes.<\/p><p>Au fleuret non \u00e9lectrique, la lame est termin\u00e9e par une \u00ab mouche \u00bb en plastique ou en caoutchouc.<\/p><p>Au fleuret \u00e9lectrique, la lame est termin\u00e9e par un bouton marqueur \u00e9lectrique devant repousser un poids de 500 grammes.<\/p>\t\t\t\t\t\t<\/div>\n\t\t\t\t<\/div>\n\t\t\t\t<div class=\"elementor-element elementor-element-50db515 elementor-widget elementor-widget-heading\" data-id=\"50db515\" data-element_type=\"widget\" data-widget_type=\"heading.default\">\n\t\t\t\t<div class=\"elementor-widget-container\">\n\t\t\t<h2 class=\"elementor-heading-title elementor-size-large\">L'EPEE<\/h2>\t\t<\/div>\n\t\t\t\t<\/div>\n\t\t\t\t<div class=\"elementor-element elementor-element-16e39f7 elementor-widget elementor-widget-text-editor\" data-id=\"16e39f7\" data-element_type=\"widget\" data-widget_type=\"text-editor.default\">\n\t\t\t\t<div class=\"elementor-widget-container\">\n\t\t\t\t\t\t\t<p>A l&rsquo;\u00e9p\u00e9e, la surface valable est mat\u00e9rialis\u00e9e par l&rsquo;ensemble du corps, du bout des pieds jusqu&rsquo;\u00e0 la t\u00eate<\/p><p>L&rsquo;\u00e9p\u00e9iste doit \u00eatre capable de toucher son adversaire en utilisant des cibles restreintes comme la main, le pied que l&rsquo;on nomme commun\u00e9ment les \u00ab avanc\u00e9es \u00bb. Toucher aux avanc\u00e9es est difficile, ce qui oblige l&rsquo;\u00e9p\u00e9iste \u00e0 \u00eatre tr\u00e8s pr\u00e9cis. Le match peut durer pour obtenir quelques points, l&rsquo;adversaire utilisant facilement la contre attaque ou la d\u00e9fensive pour toucher. Il est difficile de loger une attaque, il faut donc bien pr\u00e9parer ses actions et surtout \u00eatre capable de deviner le jeu adverse.<\/p><p>Les actions destin\u00e9es \u00e0 toucher au corps demandent une grande capacit\u00e9 de vitesse d&rsquo;ex\u00e9cution.<\/p><p>Son poids total est inf\u00e9rieur \u00e0 770 grammes.<\/p><p>Sa longueur totale maximum est de 110 cm.<\/p><p>A l&rsquo;\u00e9p\u00e9e \u00e9lectrique, la lame est termin\u00e9e par un bouton marqueur \u00e9lectrique devant repousser un poids de 750 grammes.<\/p>\t\t\t\t\t\t<\/div>\n\t\t\t\t<\/div>\n\t\t\t\t<div class=\"elementor-element elementor-element-9c307a7 elementor-widget elementor-widget-heading\" data-id=\"9c307a7\" data-element_type=\"widget\" data-widget_type=\"heading.default\">\n\t\t\t\t<div class=\"elementor-widget-container\">\n\t\t\t<h2 class=\"elementor-heading-title elementor-size-large\">LE SABRE<\/h2>\t\t<\/div>\n\t\t\t\t<\/div>\n\t\t\t\t<div class=\"elementor-element elementor-element-3852931 elementor-widget elementor-widget-text-editor\" data-id=\"3852931\" data-element_type=\"widget\" data-widget_type=\"text-editor.default\">\n\t\t\t\t<div class=\"elementor-widget-container\">\n\t\t\t\t\t\t\t<p>Au sabre, la surface valable est mat\u00e9rialis\u00e9e par toute la partie du corps situ\u00e9 au dessus de la \u00ab ceinture \u00bb, exception faite pour les mains. La surface valable exclut donc les membres inf\u00e9rieurs mais aussi les mains. La cible est facilement accessible gr\u00e2ce \u00e0 la nature des cibles \u00e0 atteindre et la mani\u00e8re de toucher (principalement avec le tranchant).<\/p><p>De plus, comme au fleuret, le sabreur poss\u00e8de la r\u00e8gle de la convention, ce qui accentue l&rsquo;esprit d&rsquo;un jeu tr\u00e8s offensif. Le sabreur sera donc un escrimeur tr\u00e8s explosif et exploitera tr\u00e8s rapidement ses qualit\u00e9s de vitesse. Cependant il devra \u00eatre capable de ma\u00eetriser cette vitesse (l\u00e0 dompter) pour \u00e9viter de proposer \u00e0 son adversaire des cibles g\u00e9n\u00e9reuses et facile \u00e0 atteindre.<\/p><p>Son poids total est inf\u00e9rieur \u00e0 500 grammes. Sa longueur totale maximum est de 105 cm.<\/p><p>Au sabre non \u00e9lectrique, son extr\u00e9mit\u00e9 est repli\u00e9e sur elle-m\u00eame pour former un bouton.<\/p><p>\u00a0<\/p>\t\t\t\t\t\t<\/div>\n\t\t\t\t<\/div>\n\t\t\t\t\t<\/div>\n\t\t<\/div>\n\t\t\t\t\t\t\t<\/div>\n\t\t<\/section>\n\t\t\t\t\t\t\t<\/div>\n\t\t","protected":false},"excerpt":{"rendered":"<p>L&rsquo;ESCRIME L&rsquo;escrime est un sport de combat qui se pratique \u00e0 l&rsquo;aide d&rsquo;une arme blanche, appel\u00e9e fleuret, \u00e9p\u00e9e ou sabre, et qui oppose deux adversaires en duel. Les combattants portent un masque, une veste et un pantalon de protection pour \u00e9viter les blessures. Le but du jeu est de toucher son adversaire avec la pointe [&hellip;]<\/p>\n","protected":false},"author":1,"featured_media":0,"parent":0,"menu_order":0,"comment_status":"closed","ping_status":"closed","template":"","meta":{"ocean_post_layout":"","ocean_both_sidebars_style":"","ocean_both_sidebars_content_width":0,"ocean_both_sidebars_sidebars_width":0,"ocean_sidebar":"0","ocean_second_sidebar":"0","ocean_disable_margins":"enable","ocean_add_body_class":"","ocean_shortcode_before_top_bar":"","ocean_shortcode_after_top_bar":"","ocean_shortcode_before_header":"","ocean_shortcode_after_header":"","ocean_has_shortcode":"","ocean_shortcode_after_title":"","ocean_shortcode_before_footer_widgets":"","ocean_shortcode_after_footer_widgets":"","ocean_shortcode_before_footer_bottom":"","ocean_shortcode_after_footer_bottom":"","ocean_display_top_bar":"default","ocean_display_header":"default","ocean_header_style":"","ocean_center_header_left_menu":"0","ocean_custom_header_template":"0","ocean_custom_logo":0,"ocean_custom_retina_logo":0,"ocean_custom_logo_max_width":0,"ocean_custom_logo_tablet_max_width":0,"ocean_custom_logo_mobile_max_width":0,"ocean_custom_logo_max_height":0,"ocean_custom_logo_tablet_max_height":0,"ocean_custom_logo_mobile_max_height":0,"ocean_header_custom_menu":"0","ocean_menu_typo_font_family":"0","ocean_menu_typo_font_subset":"","ocean_menu_typo_font_size":0,"ocean_menu_typo_font_size_tablet":0,"ocean_menu_typo_font_size_mobile":0,"ocean_menu_typo_font_size_unit":"px","ocean_menu_typo_font_weight":"","ocean_menu_typo_font_weight_tablet":"","ocean_menu_typo_font_weight_mobile":"","ocean_menu_typo_transform":"","ocean_menu_typo_transform_tablet":"","ocean_menu_typo_transform_mobile":"","ocean_menu_typo_line_height":0,"ocean_menu_typo_line_height_tablet":0,"ocean_menu_typo_line_height_mobile":0,"ocean_menu_typo_line_height_unit":"","ocean_menu_typo_spacing":0,"ocean_menu_typo_spacing_tablet":0,"ocean_menu_typo_spacing_mobile":0,"ocean_menu_typo_spacing_unit":"","ocean_menu_link_color":"","ocean_menu_link_color_hover":"","ocean_menu_link_color_active":"","ocean_menu_link_background":"","ocean_menu_link_hover_background":"","ocean_menu_link_active_background":"","ocean_menu_social_links_bg":"","ocean_menu_social_hover_links_bg":"","ocean_menu_social_links_color":"","ocean_menu_social_hover_links_color":"","ocean_disable_title":"default","ocean_disable_heading":"default","ocean_post_title":"","ocean_post_subheading":"","ocean_post_title_style":"","ocean_post_title_background_color":"","ocean_post_title_background":0,"ocean_post_title_bg_image_position":"","ocean_post_title_bg_image_attachment":"","ocean_post_title_bg_image_repeat":"","ocean_post_title_bg_image_size":"","ocean_post_title_height":0,"ocean_post_title_bg_overlay":0.5,"ocean_post_title_bg_overlay_color":"","ocean_disable_breadcrumbs":"default","ocean_breadcrumbs_color":"","ocean_breadcrumbs_separator_color":"","ocean_breadcrumbs_links_color":"","ocean_breadcrumbs_links_hover_color":"","ocean_display_footer_widgets":"default","ocean_display_footer_bottom":"default","ocean_custom_footer_template":"0","footnotes":""},"class_list":["post-694","page","type-page","status-publish","hentry","entry"],"_links":{"self":[{"href":"https:\/\/www.escrime-ecb.fr\/index.php\/wp-json\/wp\/v2\/pages\/694","targetHints":{"allow":["GET"]}}],"collection":[{"href":"https:\/\/www.escrime-ecb.fr\/index.php\/wp-json\/wp\/v2\/pages"}],"about":[{"href":"https:\/\/www.escrime-ecb.fr\/index.php\/wp-json\/wp\/v2\/types\/page"}],"author":[{"embeddable":true,"href":"https:\/\/www.escrime-ecb.fr\/index.php\/wp-json\/wp\/v2\/users\/1"}],"replies":[{"embeddable":true,"href":"https:\/\/www.escrime-ecb.fr\/index.php\/wp-json\/wp\/v2\/comments?post=694"}],"version-history":[{"count":62,"href":"https:\/\/www.escrime-ecb.fr\/index.php\/wp-json\/wp\/v2\/pages\/694\/revisions"}],"predecessor-version":[{"id":777,"href":"https:\/\/www.escrime-ecb.fr\/index.php\/wp-json\/wp\/v2\/pages\/694\/revisions\/777"}],"wp:attachment":[{"href":"https:\/\/www.escrime-ecb.fr\/index.php\/wp-json\/wp\/v2\/media?parent=694"}],"curies":[{"name":"wp","href":"https:\/\/api.w.org\/{rel}","templated":true}]}}